{"id":1793,"date":"2017-07-11T08:54:31","date_gmt":"2017-07-11T08:54:31","guid":{"rendered":"http:\/\/farmatotal.cr\/?page_id=1793"},"modified":"2025-08-28T16:43:25","modified_gmt":"2025-08-28T16:43:25","slug":"home","status":"publish","type":"page","link":"https:\/\/farmatotal.cr\/","title":{"rendered":"Home"},"content":{"rendered":"\n<div class=\"wp-block-media-text alignwide is-stacked-on-mobile is-vertically-aligned-center\" style=\"grid-template-columns:32% auto\"><figure class=\"wp-block-media-text__media\"><img loading=\"lazy\" decoding=\"async\" width=\"960\" height=\"960\" src=\"https:\/\/farmatotal.cr\/wp-content\/uploads\/2025\/08\/Total02.png\" alt=\"\" class=\"wp-image-1929 size-full\" srcset=\"https:\/\/farmatotal.cr\/wp-content\/uploads\/2025\/08\/Total02.png 960w, https:\/\/farmatotal.cr\/wp-content\/uploads\/2025\/08\/Total02-300x300.png 300w, https:\/\/farmatotal.cr\/wp-content\/uploads\/2025\/08\/Total02-150x150.png 150w, https:\/\/farmatotal.cr\/wp-content\/uploads\/2025\/08\/Total02-768x768.png 768w, https:\/\/farmatotal.cr\/wp-content\/uploads\/2025\/08\/Total02-100x100.png 100w\" sizes=\"auto, (max-width: 960px) 100vw, 960px\" \/><\/figure><div class=\"wp-block-media-text__content\">\n<h3 class=\"wp-block-heading\"><strong><mark style=\"background-color:rgba(0, 0, 0, 0)\" class=\"has-inline-color has-primary-color\">Proteja su salud y la de su familia con productos de calidad<\/mark><\/strong><\/h3>\n\n\n\n<p>Cada paso que damos hacia el bienestar es un compromiso para cuidar de nuestra salud y la de nuestros seres queridos, hoy y siempre. <\/p>\n\n\n\n<p><\/p>\n<\/div><\/div>\n\n\n\n<hr class=\"wp-block-separator alignwide has-alpha-channel-opacity\"\/>\n\n\n\n<div class=\"wp-block-columns alignwide is-layout-flex wp-container-core-columns-is-layout-9d6595d7 wp-block-columns-is-layout-flex\">\n<div class=\"wp-block-column is-vertically-aligned-center is-layout-flow wp-block-column-is-layout-flow\">\n<h3 class=\"wp-block-heading\"><strong><mark style=\"background-color:#FFF\" class=\"has-inline-color has-primary-color\">FARMATOTA<\/mark><\/strong><mark style=\"background-color:rgba(0, 0, 0, 0)\" class=\"has-inline-color has-primary-color\"><strong>L<\/strong> es<\/mark><\/h3>\n\n\n\n<p>Experiencia, confianza y compromiso al servicio de su salud.<\/p>\n\n\n\n<p>Estamos cerca de ti en cada momento que nos necesitas. En FarmaTotal nos importa tu bienestar, por eso te ofrecemos un servicio c\u00e1lido, accesible y confiable, siempre con la mejor atenci\u00f3n.<\/p>\n<\/div>\n\n\n\n<div class=\"wp-block-column is-vertically-aligned-center is-layout-flow wp-block-column-is-layout-flow\">\n<figure class=\"wp-block-image size-large is-resized\"><img decoding=\"async\" src=\"https:\/\/tse2.mm.bing.net\/th\/id\/OIP.R9QDJAMHYSmExnd7SiqjOAHaFj?rs=1&amp;pid=ImgDetMain&amp;o=7&amp;rm=3\" alt=\"\" style=\"width:528px;height:auto\"\/><\/figure>\n\n\n\n<div class=\"wp-block-buttons is-layout-flex wp-block-buttons-is-layout-flex\"><\/div>\n<\/div>\n<\/div>\n\n\n\n<div class=\"wp-block-cover alignfull\" style=\"min-height:839px;aspect-ratio:unset;\"><img decoding=\"async\" class=\"wp-block-cover__image-background\" alt=\"\" src=\"https:\/\/fastcompead.com.br\/wp-content\/uploads\/2020\/07\/atendente-de-farmacia.jpg\" data-object-fit=\"cover\"\/><span aria-hidden=\"true\" class=\"wp-block-cover__background has-background-dim\"><\/span><div class=\"wp-block-cover__inner-container is-layout-flow wp-block-cover-is-layout-flow\">\n<p class=\"has-text-align-center has-large-font-size\">Habla con uno de nuestros expertos<\/p>\n\n\n\n<p class=\"has-text-align-center\">Creemos en construir relaciones basadas en la confianza, ofreciendo no solo medicamentos de calidad, sino tambi\u00e9n la orientaci\u00f3n y el acompa\u00f1amiento que necesitas en cada etapa de tu vida. Nuestro compromiso es estar contigo, porque tu bienestar es lo que nos mueve d\u00eda a d\u00eda.<\/p>\n\n\n\n<div class=\"wp-block-buttons alignwide is-content-justification-center is-layout-flex wp-container-core-buttons-is-layout-16018d1d wp-block-buttons-is-layout-flex\">\n<div class=\"wp-block-button\"><a class=\"wp-block-button__link wp-element-button\" href=\"tel:+50688247098\">Escribanos al WhataApp<\/a><\/div>\n<\/div>\n<\/div><\/div>\n\n\n\n<hr class=\"wp-block-separator alignwide has-alpha-channel-opacity\"\/>\n\n\n\n<div class=\"wp-block-columns alignwide is-layout-flex wp-container-core-columns-is-layout-9d6595d7 wp-block-columns-is-layout-flex\">\n<div class=\"wp-block-column is-layout-flow wp-block-column-is-layout-flow\" style=\"flex-basis:66.66%\">\n<h4 class=\"wp-block-heading\"><mark style=\"background-color:rgba(0, 0, 0, 0)\" class=\"has-inline-color has-primary-color\">Siempre con una sucursal cerca de usted<\/mark><\/h4>\n\n\n\n<ul class=\"wp-block-list\">\n<li>Guapiles 1<\/li>\n\n\n\n<li>Guapiles 2<\/li>\n\n\n\n<li>Guapiles 3<\/li>\n\n\n\n<li>Astua Pirie<\/li>\n\n\n\n<li>La Colonia<\/li>\n\n\n\n<li>La Rita<\/li>\n\n\n\n<li>La Rita-autofarmacia<\/li>\n\n\n\n<li>Jim\u00e9nez<\/li>\n\n\n\n<li>R\u00edo Jim\u00e9nez<\/li>\n\n\n\n<li>Pocora<\/li>\n\n\n\n<li>Siquirres<\/li>\n\n\n\n<li>Cairo-Siquirres<\/li>\n\n\n\n<li>La Victoria-R\u00edo Fr\u00edo<\/li>\n\n\n\n<li>Gu\u00e1cimo<\/li>\n\n\n\n<li>Gu\u00e1cimo-autofarmacia<\/li>\n<\/ul>\n<\/div>\n\n\n\n<div class=\"wp-block-column is-layout-flow wp-block-column-is-layout-flow\" style=\"flex-basis:33.33%\">\n<figure class=\"wp-block-image alignfull size-large\"><img decoding=\"async\" src=\"https:\/\/tse1.mm.bing.net\/th\/id\/OIP.7cVmcoFtjBPolPZ6j--L3QHaE8?rs=1&amp;pid=ImgDetMain&amp;o=7&amp;rm=3\"\/><\/figure>\n<\/div>\n<\/div>\n\n\n\n<h3 class=\"wp-block-heading alignwide has-text-align-center\"><mark style=\"background-color:rgba(0, 0, 0, 0)\" class=\"has-inline-color has-primary-color\">Tambi\u00e9n contamos con servicios de<\/mark><\/h3>\n\n\n\n<div class=\"wp-block-columns alignwide is-layout-flex wp-container-core-columns-is-layout-9d6595d7 wp-block-columns-is-layout-flex\">\n<div class=\"wp-block-column is-layout-flow wp-block-column-is-layout-flow\" style=\"flex-basis:66.66%\"><div class=\"wp-block-image\">\n<figure class=\"alignright size-large is-resized\"><img decoding=\"async\" src=\"https:\/\/tse1.mm.bing.net\/th\/id\/OIP.IRbh2U7HIGHMpG_rcT2V2AHaCv?rs=1&amp;pid=ImgDetMain&amp;o=7&amp;rm=3\" alt=\"\" style=\"width:746px;height:auto\"\/><\/figure><\/div><\/div>\n\n\n\n<div class=\"wp-block-column is-layout-flow wp-block-column-is-layout-flow\" style=\"flex-basis:33.33%\"><div class=\"wp-block-image\">\n<figure class=\"alignleft size-large is-resized\"><img decoding=\"async\" src=\"https:\/\/tse1.mm.bing.net\/th\/id\/OIP.ZUzd2vLCkdp7aTK2Y8Sl1AHaHa?rs=1&amp;pid=ImgDetMain&amp;o=7&amp;rm=3\" alt=\"\" style=\"width:279px;height:auto\"\/><\/figure><\/div><\/div>\n<\/div>\n\n\n\n<p><\/p>\n","protected":false},"excerpt":{"rendered":"<p>Proteja su salud y la de su familia con productos de calidad Cada paso que damos hacia el bienestar es un compromiso para cuidar de nuestra salud y la de nuestros seres queridos, hoy y siempre. FARMATOTAL es Experiencia, confianza y compromiso al servicio de su salud. Estamos cerca de ti en cada momento que [&hellip;]<\/p>\n","protected":false},"author":1,"featured_media":0,"parent":0,"menu_order":0,"comment_status":"closed","ping_status":"open","template":"","meta":{"footnotes":""},"class_list":["post-1793","page","type-page","status-publish","hentry","entry"],"_links":{"self":[{"href":"https:\/\/farmatotal.cr\/index.php?rest_route=\/wp\/v2\/pages\/1793","targetHints":{"allow":["GET"]}}],"collection":[{"href":"https:\/\/farmatotal.cr\/index.php?rest_route=\/wp\/v2\/pages"}],"about":[{"href":"https:\/\/farmatotal.cr\/index.php?rest_route=\/wp\/v2\/types\/page"}],"author":[{"embeddable":true,"href":"https:\/\/farmatotal.cr\/index.php?rest_route=\/wp\/v2\/users\/1"}],"replies":[{"embeddable":true,"href":"https:\/\/farmatotal.cr\/index.php?rest_route=%2Fwp%2Fv2%2Fcomments&post=1793"}],"version-history":[{"count":27,"href":"https:\/\/farmatotal.cr\/index.php?rest_route=\/wp\/v2\/pages\/1793\/revisions"}],"predecessor-version":[{"id":1996,"href":"https:\/\/farmatotal.cr\/index.php?rest_route=\/wp\/v2\/pages\/1793\/revisions\/1996"}],"wp:attachment":[{"href":"https:\/\/farmatotal.cr\/index.php?rest_route=%2Fwp%2Fv2%2Fmedia&parent=1793"}],"curies":[{"name":"wp","href":"https:\/\/api.w.org\/{rel}","templated":true}]}}